{"id":117,"date":"2015-11-21T16:35:54","date_gmt":"2015-11-21T16:35:54","guid":{"rendered":"http:\/\/www.cablesnavcar.com\/wordpress\/?page_id=117"},"modified":"2025-04-09T10:48:42","modified_gmt":"2025-04-09T15:48:42","slug":"guayas-automotrices","status":"publish","type":"page","link":"https:\/\/www.cablesnavcar.com\/wordpress\/guayas-automotrices\/","title":{"rendered":"Guayas Automotrices"},"content":{"rendered":"\t\t<div data-elementor-type=\"wp-post\" data-elementor-id=\"117\" class=\"elementor elementor-117 elementor-bc-flex-widget\">\n\t\t\t\t\t\t<section class=\"elementor-section elementor-top-section elementor-element elementor-element-5489b94 elementor-section-boxed elementor-section-height-default elementor-section-height-default\" data-id=\"5489b94\" data-element_type=\"section\">\n\t\t\t\t\t\t<div class=\"elementor-container elementor-column-gap-default\">\n\t\t\t\t\t<div class=\"elementor-column elementor-col-100 elementor-top-column elementor-element elementor-element-0ea327c\" data-id=\"0ea327c\" data-element_type=\"column\">\n\t\t\t<div class=\"elementor-widget-wrap elementor-element-populated\">\n\t\t\t\t\t\t<div class=\"elementor-element elementor-element-2fbc696 elementor-widget elementor-widget-heading\" data-id=\"2fbc696\" data-element_type=\"widget\" data-widget_type=\"heading.default\">\n\t\t\t\t<div class=\"elementor-widget-container\">\n\t\t\t\t\t<h1 class=\"elementor-heading-title elementor-size-default\">GUAYAS DE CONTROL AUTOMOTRIZ<\/h1>\t\t\t\t<\/div>\n\t\t\t\t<\/div>\n\t\t\t\t\t<\/div>\n\t\t<\/div>\n\t\t\t\t\t<\/div>\n\t\t<\/section>\n\t\t\t\t<section class=\"elementor-section elementor-top-section elementor-element elementor-element-cfcf360 elementor-section-boxed elementor-section-height-default elementor-section-height-default\" data-id=\"cfcf360\" data-element_type=\"section\">\n\t\t\t\t\t\t<div class=\"elementor-container elementor-column-gap-default\">\n\t\t\t\t\t<div class=\"elementor-column elementor-col-100 elementor-top-column elementor-element elementor-element-23550ee\" data-id=\"23550ee\" data-element_type=\"column\">\n\t\t\t<div class=\"elementor-widget-wrap elementor-element-populated\">\n\t\t\t\t\t\t<div class=\"elementor-element elementor-element-1d43a87 elementor-widget elementor-widget-text-editor\" data-id=\"1d43a87\" data-element_type=\"widget\" data-widget_type=\"text-editor.default\">\n\t\t\t\t<div class=\"elementor-widget-container\">\n\t\t\t\t\t\t\t\t\t<p><span style=\"font-size: 14pt;\">Las guayas NAVCAR se fabrican bajo los m\u00e1s altos est\u00e1ndares de calidad <\/span><span style=\"font-size: 14pt;\">cumpliendo con las normas de los fabricantes de cada una de las marcas de veh\u00edculos.<\/span><\/p><p><span style=\"font-size: 14pt;\">La selecci\u00f3n de piezas de reposici\u00f3n para los veh\u00edculos es un paso crucial, al contar con el <\/span><span style=\"font-size: 14pt;\">producto indicado y al instalarlo correctamente se puede garantizar el \u00f3ptimo funcionamiento en su auto, y por consiguiente la confianza y seguridad que este le brindar\u00e1 en un momento <\/span><span style=\"font-size: 14pt;\">determinante. Por lo tanto, a la hora de escoger los repuestos para su autom\u00f3vil le <\/span><span style=\"font-size: 14pt;\">recomendamos consultar a nuestro equipo de asesores t\u00e9cnicos especializados a trav\u00e9s de nuestros canales de atenci\u00f3n al cliente quienes le ayudar\u00e1n a identificar las piezas de repuesto \u00f3ptimas.<\/span><\/p>\t\t\t\t\t\t\t\t<\/div>\n\t\t\t\t<\/div>\n\t\t\t\t\t<\/div>\n\t\t<\/div>\n\t\t\t\t\t<\/div>\n\t\t<\/section>\n\t\t\t\t<section class=\"elementor-section elementor-top-section elementor-element elementor-element-7953aad elementor-section-boxed elementor-section-height-default elementor-section-height-default\" data-id=\"7953aad\" data-element_type=\"section\">\n\t\t\t\t\t\t<div class=\"elementor-container elementor-column-gap-default\">\n\t\t\t\t\t<div class=\"elementor-column elementor-col-25 elementor-top-column elementor-element elementor-element-79f3ee2\" data-id=\"79f3ee2\" data-element_type=\"column\">\n\t\t\t<div class=\"elementor-widget-wrap elementor-element-populated\">\n\t\t\t\t\t\t<div class=\"elementor-element elementor-element-6124b81 elementor-position-top elementor-widget elementor-widget-image-box\" data-id=\"6124b81\" data-element_type=\"widget\" data-widget_type=\"image-box.default\">\n\t\t\t\t<div class=\"elementor-widget-container\">\n\t\t\t\t\t<div class=\"elementor-image-box-wrapper\"><figure class=\"elementor-image-box-img\"><img fetchpriority=\"high\" decoding=\"async\" width=\"2048\" height=\"909\" src=\"https:\/\/www.cablesnavcar.com\/wordpress\/wp-content\/uploads\/2015\/11\/KIACC-3686.png\" class=\"attachment-full size-full wp-image-20884\" alt=\"\" srcset=\"https:\/\/www.cablesnavcar.com\/wordpress\/wp-content\/uploads\/2015\/11\/KIACC-3686.png 2048w, https:\/\/www.cablesnavcar.com\/wordpress\/wp-content\/uploads\/2015\/11\/KIACC-3686-300x133.png 300w, https:\/\/www.cablesnavcar.com\/wordpress\/wp-content\/uploads\/2015\/11\/KIACC-3686-768x341.png 768w, https:\/\/www.cablesnavcar.com\/wordpress\/wp-content\/uploads\/2015\/11\/KIACC-3686-1024x454.png 1024w\" sizes=\"(max-width: 2048px) 100vw, 2048px\" \/><\/figure><div class=\"elementor-image-box-content\"><h3 class=\"elementor-image-box-title\">GUAYA CONTROL Y SELECTOR CAMBIOS<\/h3><\/div><\/div>\t\t\t\t<\/div>\n\t\t\t\t<\/div>\n\t\t\t\t\t<\/div>\n\t\t<\/div>\n\t\t\t\t<div class=\"elementor-column elementor-col-25 elementor-top-column elementor-element elementor-element-eb1e3aa\" data-id=\"eb1e3aa\" data-element_type=\"column\">\n\t\t\t<div class=\"elementor-widget-wrap elementor-element-populated\">\n\t\t\t\t\t\t<div class=\"elementor-element elementor-element-8c93766 elementor-position-top elementor-widget elementor-widget-image-box\" data-id=\"8c93766\" data-element_type=\"widget\" data-widget_type=\"image-box.default\">\n\t\t\t\t<div class=\"elementor-widget-container\">\n\t\t\t\t\t<div class=\"elementor-image-box-wrapper\"><figure class=\"elementor-image-box-img\"><img decoding=\"async\" width=\"408\" height=\"368\" src=\"https:\/\/www.cablesnavcar.com\/wordpress\/wp-content\/uploads\/2018\/10\/guaya-1_Mesa-de-trabajo-1.jpg\" class=\"attachment-full size-full wp-image-20704\" alt=\"\" srcset=\"https:\/\/www.cablesnavcar.com\/wordpress\/wp-content\/uploads\/2018\/10\/guaya-1_Mesa-de-trabajo-1.jpg 408w, https:\/\/www.cablesnavcar.com\/wordpress\/wp-content\/uploads\/2018\/10\/guaya-1_Mesa-de-trabajo-1-300x271.jpg 300w\" sizes=\"(max-width: 408px) 100vw, 408px\" \/><\/figure><div class=\"elementor-image-box-content\"><h3 class=\"elementor-image-box-title\">GUAYA DE EMBRAGUE<\/h3><\/div><\/div>\t\t\t\t<\/div>\n\t\t\t\t<\/div>\n\t\t\t\t\t<\/div>\n\t\t<\/div>\n\t\t\t\t<div class=\"elementor-column elementor-col-25 elementor-top-column elementor-element elementor-element-ba53509\" data-id=\"ba53509\" data-element_type=\"column\">\n\t\t\t<div class=\"elementor-widget-wrap elementor-element-populated\">\n\t\t\t\t\t\t<div class=\"elementor-element elementor-element-243a53b elementor-position-top elementor-widget elementor-widget-image-box\" data-id=\"243a53b\" data-element_type=\"widget\" data-widget_type=\"image-box.default\">\n\t\t\t\t<div class=\"elementor-widget-container\">\n\t\t\t\t\t<div class=\"elementor-image-box-wrapper\"><figure class=\"elementor-image-box-img\"><img decoding=\"async\" width=\"2048\" height=\"1580\" src=\"https:\/\/www.cablesnavcar.com\/wordpress\/wp-content\/uploads\/2015\/11\/HYUFP-2439.png\" class=\"attachment-full size-full wp-image-20886\" alt=\"\" srcset=\"https:\/\/www.cablesnavcar.com\/wordpress\/wp-content\/uploads\/2015\/11\/HYUFP-2439.png 2048w, https:\/\/www.cablesnavcar.com\/wordpress\/wp-content\/uploads\/2015\/11\/HYUFP-2439-300x231.png 300w, https:\/\/www.cablesnavcar.com\/wordpress\/wp-content\/uploads\/2015\/11\/HYUFP-2439-768x593.png 768w, https:\/\/www.cablesnavcar.com\/wordpress\/wp-content\/uploads\/2015\/11\/HYUFP-2439-1024x790.png 1024w\" sizes=\"(max-width: 2048px) 100vw, 2048px\" \/><\/figure><div class=\"elementor-image-box-content\"><h3 class=\"elementor-image-box-title\">GUAYA FRENO DE PARQUEO<\/h3><\/div><\/div>\t\t\t\t<\/div>\n\t\t\t\t<\/div>\n\t\t\t\t\t<\/div>\n\t\t<\/div>\n\t\t\t\t<div class=\"elementor-column elementor-col-25 elementor-top-column elementor-element elementor-element-a1c6135\" data-id=\"a1c6135\" data-element_type=\"column\">\n\t\t\t<div class=\"elementor-widget-wrap elementor-element-populated\">\n\t\t\t\t\t\t<div class=\"elementor-element elementor-element-09fa26d elementor-position-top elementor-widget elementor-widget-image-box\" data-id=\"09fa26d\" data-element_type=\"widget\" data-widget_type=\"image-box.default\">\n\t\t\t\t<div class=\"elementor-widget-container\">\n\t\t\t\t\t<div class=\"elementor-image-box-wrapper\"><figure class=\"elementor-image-box-img\"><img loading=\"lazy\" decoding=\"async\" width=\"1832\" height=\"2048\" src=\"https:\/\/www.cablesnavcar.com\/wordpress\/wp-content\/uploads\/2015\/11\/GMCVZ-837.png\" class=\"attachment-full size-full wp-image-20887\" alt=\"\" srcset=\"https:\/\/www.cablesnavcar.com\/wordpress\/wp-content\/uploads\/2015\/11\/GMCVZ-837.png 1832w, https:\/\/www.cablesnavcar.com\/wordpress\/wp-content\/uploads\/2015\/11\/GMCVZ-837-268x300.png 268w, https:\/\/www.cablesnavcar.com\/wordpress\/wp-content\/uploads\/2015\/11\/GMCVZ-837-768x858.png 768w, https:\/\/www.cablesnavcar.com\/wordpress\/wp-content\/uploads\/2015\/11\/GMCVZ-837-916x1024.png 916w\" sizes=\"(max-width: 1832px) 100vw, 1832px\" \/><\/figure><div class=\"elementor-image-box-content\"><h3 class=\"elementor-image-box-title\">GUAYA DE VELOC\u00cdMETRO<\/h3><\/div><\/div>\t\t\t\t<\/div>\n\t\t\t\t<\/div>\n\t\t\t\t\t<\/div>\n\t\t<\/div>\n\t\t\t\t\t<\/div>\n\t\t<\/section>\n\t\t\t\t<section class=\"elementor-section elementor-top-section elementor-element elementor-element-510350f elementor-section-boxed elementor-section-height-default elementor-section-height-default\" data-id=\"510350f\" data-element_type=\"section\">\n\t\t\t\t\t\t<div class=\"elementor-container elementor-column-gap-default\">\n\t\t\t\t\t<div class=\"elementor-column elementor-col-33 elementor-top-column elementor-element elementor-element-f46142d\" data-id=\"f46142d\" data-element_type=\"column\">\n\t\t\t<div class=\"elementor-widget-wrap elementor-element-populated\">\n\t\t\t\t\t\t<div class=\"elementor-element elementor-element-e7f2ba5 elementor-position-top elementor-widget elementor-widget-image-box\" data-id=\"e7f2ba5\" data-element_type=\"widget\" data-widget_type=\"image-box.default\">\n\t\t\t\t<div class=\"elementor-widget-container\">\n\t\t\t\t\t<div class=\"elementor-image-box-wrapper\"><figure class=\"elementor-image-box-img\"><img loading=\"lazy\" decoding=\"async\" width=\"2048\" height=\"1506\" src=\"https:\/\/www.cablesnavcar.com\/wordpress\/wp-content\/uploads\/2015\/11\/SWIA-810.png\" class=\"attachment-full size-full wp-image-20889\" alt=\"\" srcset=\"https:\/\/www.cablesnavcar.com\/wordpress\/wp-content\/uploads\/2015\/11\/SWIA-810.png 2048w, https:\/\/www.cablesnavcar.com\/wordpress\/wp-content\/uploads\/2015\/11\/SWIA-810-300x221.png 300w, https:\/\/www.cablesnavcar.com\/wordpress\/wp-content\/uploads\/2015\/11\/SWIA-810-768x565.png 768w, https:\/\/www.cablesnavcar.com\/wordpress\/wp-content\/uploads\/2015\/11\/SWIA-810-1024x753.png 1024w\" sizes=\"(max-width: 2048px) 100vw, 2048px\" \/><\/figure><div class=\"elementor-image-box-content\"><h3 class=\"elementor-image-box-title\">GUAYA DE ACELERADOR<\/h3><\/div><\/div>\t\t\t\t<\/div>\n\t\t\t\t<\/div>\n\t\t\t\t\t<\/div>\n\t\t<\/div>\n\t\t\t\t<div class=\"elementor-column elementor-col-33 elementor-top-column elementor-element elementor-element-daed166\" data-id=\"daed166\" data-element_type=\"column\">\n\t\t\t<div class=\"elementor-widget-wrap elementor-element-populated\">\n\t\t\t\t\t\t<div class=\"elementor-element elementor-element-f441ffd elementor-position-top elementor-widget elementor-widget-image-box\" data-id=\"f441ffd\" data-element_type=\"widget\" data-widget_type=\"image-box.default\">\n\t\t\t\t<div class=\"elementor-widget-container\">\n\t\t\t\t\t<div class=\"elementor-image-box-wrapper\"><figure class=\"elementor-image-box-img\"><img loading=\"lazy\" decoding=\"async\" width=\"2048\" height=\"1294\" src=\"https:\/\/www.cablesnavcar.com\/wordpress\/wp-content\/uploads\/2015\/11\/CARC-11KK55.png\" class=\"attachment-full size-full wp-image-20893\" alt=\"\" srcset=\"https:\/\/www.cablesnavcar.com\/wordpress\/wp-content\/uploads\/2015\/11\/CARC-11KK55.png 2048w, https:\/\/www.cablesnavcar.com\/wordpress\/wp-content\/uploads\/2015\/11\/CARC-11KK55-300x190.png 300w, https:\/\/www.cablesnavcar.com\/wordpress\/wp-content\/uploads\/2015\/11\/CARC-11KK55-768x485.png 768w, https:\/\/www.cablesnavcar.com\/wordpress\/wp-content\/uploads\/2015\/11\/CARC-11KK55-1024x647.png 1024w\" sizes=\"(max-width: 2048px) 100vw, 2048px\" \/><\/figure><div class=\"elementor-image-box-content\"><h3 class=\"elementor-image-box-title\">GUAYA CONTROL CAMBIOS<\/h3><\/div><\/div>\t\t\t\t<\/div>\n\t\t\t\t<\/div>\n\t\t\t\t\t<\/div>\n\t\t<\/div>\n\t\t\t\t<div class=\"elementor-column elementor-col-33 elementor-top-column elementor-element elementor-element-9c96863\" data-id=\"9c96863\" data-element_type=\"column\">\n\t\t\t<div class=\"elementor-widget-wrap elementor-element-populated\">\n\t\t\t\t\t\t<div class=\"elementor-element elementor-element-9bfe692 elementor-widget elementor-widget-text-editor\" data-id=\"9bfe692\" data-element_type=\"widget\" data-widget_type=\"text-editor.default\">\n\t\t\t\t<div class=\"elementor-widget-container\">\n\t\t\t\t\t\t\t\t\t<p><span style=\"font-size: 14pt;\">Contamos con un amplio portafolio de guayas para diferentes marcas de veh\u00edculos y motocicletas<\/span><\/p>\t\t\t\t\t\t\t\t<\/div>\n\t\t\t\t<\/div>\n\t\t\t\t\t<\/div>\n\t\t<\/div>\n\t\t\t\t\t<\/div>\n\t\t<\/section>\n\t\t\t\t<section class=\"elementor-section elementor-top-section elementor-element elementor-element-e9ba9d0 elementor-section-boxed elementor-section-height-default elementor-section-height-default\" data-id=\"e9ba9d0\" data-element_type=\"section\">\n\t\t\t\t\t\t<div class=\"elementor-container elementor-column-gap-default\">\n\t\t\t\t\t<div class=\"elementor-column elementor-col-100 elementor-top-column elementor-element elementor-element-e1e5678\" data-id=\"e1e5678\" data-element_type=\"column\">\n\t\t\t<div class=\"elementor-widget-wrap elementor-element-populated\">\n\t\t\t\t\t\t<div class=\"elementor-element elementor-element-cf264db elementor-widget elementor-widget-image\" data-id=\"cf264db\" data-element_type=\"widget\" data-widget_type=\"image.default\">\n\t\t\t\t<div class=\"elementor-widget-container\">\n\t\t\t\t\t\t\t\t\t\t\t\t\t\t\t<img loading=\"lazy\" decoding=\"async\" width=\"800\" height=\"624\" src=\"https:\/\/www.cablesnavcar.com\/wordpress\/wp-content\/uploads\/2015\/11\/pagina-GUAYAS-02-1024x799.png\" class=\"attachment-large size-large wp-image-20748\" alt=\"\" srcset=\"https:\/\/www.cablesnavcar.com\/wordpress\/wp-content\/uploads\/2015\/11\/pagina-GUAYAS-02-1024x799.png 1024w, https:\/\/www.cablesnavcar.com\/wordpress\/wp-content\/uploads\/2015\/11\/pagina-GUAYAS-02-300x234.png 300w, https:\/\/www.cablesnavcar.com\/wordpress\/wp-content\/uploads\/2015\/11\/pagina-GUAYAS-02-768x599.png 768w\" sizes=\"(max-width: 800px) 100vw, 800px\" \/>\t\t\t\t\t\t\t\t\t\t\t\t\t\t\t<\/div>\n\t\t\t\t<\/div>\n\t\t\t\t\t<\/div>\n\t\t<\/div>\n\t\t\t\t\t<\/div>\n\t\t<\/section>\n\t\t\t\t<section class=\"elementor-section elementor-top-section elementor-element elementor-element-a6a1af6 elementor-section-boxed elementor-section-height-default elementor-section-height-default\" data-id=\"a6a1af6\" data-element_type=\"section\">\n\t\t\t\t\t\t<div class=\"elementor-container elementor-column-gap-default\">\n\t\t\t\t\t<div class=\"elementor-column elementor-col-100 elementor-top-column elementor-element elementor-element-786d42a\" data-id=\"786d42a\" data-element_type=\"column\">\n\t\t\t<div class=\"elementor-widget-wrap elementor-element-populated\">\n\t\t\t\t\t\t<div class=\"elementor-element elementor-element-1f0d14a elementor-widget elementor-widget-heading\" data-id=\"1f0d14a\" data-element_type=\"widget\" data-widget_type=\"heading.default\">\n\t\t\t\t<div class=\"elementor-widget-container\">\n\t\t\t\t\t<h3 class=\"elementor-heading-title elementor-size-default\">RECOMENDACIONES PARA INSTALACI\u00d3N<\/h3>\t\t\t\t<\/div>\n\t\t\t\t<\/div>\n\t\t\t\t\t<\/div>\n\t\t<\/div>\n\t\t\t\t\t<\/div>\n\t\t<\/section>\n\t\t\t\t<section class=\"elementor-section elementor-top-section elementor-element elementor-element-db7fbfd elementor-section-boxed elementor-section-height-default elementor-section-height-default\" data-id=\"db7fbfd\" data-element_type=\"section\">\n\t\t\t\t\t\t<div class=\"elementor-container elementor-column-gap-default\">\n\t\t\t\t\t<div class=\"elementor-column elementor-col-100 elementor-top-column elementor-element elementor-element-b689d72\" data-id=\"b689d72\" data-element_type=\"column\">\n\t\t\t<div class=\"elementor-widget-wrap elementor-element-populated\">\n\t\t\t\t\t\t<div class=\"elementor-element elementor-element-8176ae4 elementor-widget elementor-widget-text-editor\" data-id=\"8176ae4\" data-element_type=\"widget\" data-widget_type=\"text-editor.default\">\n\t\t\t\t<div class=\"elementor-widget-container\">\n\t\t\t\t\t\t\t\t\t<ol><li><span style=\"font-size: 14pt;\">Memorizar la ruta de instalaci\u00f3n del cable de control de cambios y selector.<\/span><\/li><li><span style=\"font-size: 14pt;\">Realizar los desarmes correspondientes hasta encontrar la uni\u00f3n de los cables de control y <\/span><br \/><span style=\"font-size: 14pt;\">selector de cambios a la palanca de cambios.<\/span><\/li><li><span style=\"font-size: 14pt;\">Retire los tornillos o pines que aseguran la guaya a las bases del habit\u00e1culo y del parallamas; tambi\u00e9n los que <\/span><br \/><span style=\"font-size: 14pt;\">aseguran los cables de control a la base de caja de cambios.<\/span><\/li><li><span style=\"font-size: 14pt;\">Retire los cables de control da\u00f1ados y compare con los nuevos. Realice la instalaci\u00f3n de los nuevos cables de control y selector de cambios en el orden contrario a la secuencia de desmonte.<\/span><\/li><li><span style=\"font-size: 14pt;\">Es muy importante tener siempre presente que no se debe ajustar o aflojar la r\u00f3tula con la <\/span><br \/><span style=\"font-size: 14pt;\">contratuerca ajustada, pues de hacerlo as\u00ed se forzar\u00e1 al cable interno de la guaya obligandolo a girar y por consiguiente desenrollando sus hilos (desentorchando) ocasionando da\u00f1os irreversibles al producto.<\/span><\/li><\/ol>\t\t\t\t\t\t\t\t<\/div>\n\t\t\t\t<\/div>\n\t\t\t\t\t<\/div>\n\t\t<\/div>\n\t\t\t\t\t<\/div>\n\t\t<\/section>\n\t\t\t\t<section class=\"elementor-section elementor-top-section elementor-element elementor-element-14e1cc6 elementor-section-boxed elementor-section-height-default elementor-section-height-default\" data-id=\"14e1cc6\" data-element_type=\"section\">\n\t\t\t\t\t\t<div class=\"elementor-container elementor-column-gap-default\">\n\t\t\t\t\t<div class=\"elementor-column elementor-col-100 elementor-top-column elementor-element elementor-element-a492906\" data-id=\"a492906\" data-element_type=\"column\">\n\t\t\t<div class=\"elementor-widget-wrap elementor-element-populated\">\n\t\t\t\t\t\t<section class=\"elementor-section elementor-inner-section elementor-element elementor-element-b31b983 elementor-section-boxed elementor-section-height-default elementor-section-height-default\" data-id=\"b31b983\" data-element_type=\"section\">\n\t\t\t\t\t\t<div class=\"elementor-container elementor-column-gap-default\">\n\t\t\t\t\t<div class=\"elementor-column elementor-col-50 elementor-inner-column elementor-element elementor-element-79ace7f\" data-id=\"79ace7f\" data-element_type=\"column\">\n\t\t\t<div class=\"elementor-widget-wrap elementor-element-populated\">\n\t\t\t\t\t\t<div class=\"elementor-element elementor-element-c45043e elementor-align-center elementor-widget elementor-widget-button\" data-id=\"c45043e\" data-element_type=\"widget\" data-widget_type=\"button.default\">\n\t\t\t\t<div class=\"elementor-widget-container\">\n\t\t\t\t\t\t\t\t\t<div class=\"elementor-button-wrapper\">\n\t\t\t\t\t<a class=\"elementor-button elementor-button-link elementor-size-md\" href=\"https:\/\/www.cablesnavcar.com\/search\/\" target=\"_blank\">\n\t\t\t\t\t\t<span class=\"elementor-button-content-wrapper\">\n\t\t\t\t\t\t<span class=\"elementor-button-icon\">\n\t\t\t\t\t\t\t\t\t<i class=\"fa fa-angellist\" aria-hidden=\"true\"><\/i>\n\t\t\t\t\t\t\t<\/span>\n\t\t\t\t\t\t\t\t\t<span class=\"elementor-button-text\">HAZ TU COMPRA ONLINE \/ BUSCADOR DE  PRODUCTOS<\/span>\n\t\t\t\t\t<\/span>\n\t\t\t\t\t<\/a>\n\t\t\t\t<\/div>\n\t\t\t\t\t\t\t\t<\/div>\n\t\t\t\t<\/div>\n\t\t\t\t\t<\/div>\n\t\t<\/div>\n\t\t\t\t<div class=\"elementor-column elementor-col-50 elementor-inner-column elementor-element elementor-element-e8393d2\" data-id=\"e8393d2\" data-element_type=\"column\">\n\t\t\t<div class=\"elementor-widget-wrap elementor-element-populated\">\n\t\t\t\t\t\t<div class=\"elementor-element elementor-element-77cdb35 elementor-button-warning elementor-align-center elementor-widget elementor-widget-button\" data-id=\"77cdb35\" data-element_type=\"widget\" data-widget_type=\"button.default\">\n\t\t\t\t<div class=\"elementor-widget-container\">\n\t\t\t\t\t\t\t\t\t<div class=\"elementor-button-wrapper\">\n\t\t\t\t\t<a class=\"elementor-button elementor-button-link elementor-size-md\" href=\"https:\/\/www.cablesnavcar.com\/wordpress\/contacto\/\">\n\t\t\t\t\t\t<span class=\"elementor-button-content-wrapper\">\n\t\t\t\t\t\t<span class=\"elementor-button-icon\">\n\t\t\t\t\t\t\t\t\t<i class=\"fa fa-handshake-o\" aria-hidden=\"true\"><\/i>\n\t\t\t\t\t\t\t<\/span>\n\t\t\t\t\t\t\t\t\t<span class=\"elementor-button-text\">CONT\u00c1CTANOS! CON GUSTO TE ATENDEMOS<\/span>\n\t\t\t\t\t<\/span>\n\t\t\t\t\t<\/a>\n\t\t\t\t<\/div>\n\t\t\t\t\t\t\t\t<\/div>\n\t\t\t\t<\/div>\n\t\t\t\t\t<\/div>\n\t\t<\/div>\n\t\t\t\t\t<\/div>\n\t\t<\/section>\n\t\t\t\t\t<\/div>\n\t\t<\/div>\n\t\t\t\t\t<\/div>\n\t\t<\/section>\n\t\t\t\t<\/div>\n\t\t","protected":false},"excerpt":{"rendered":"<p>GUAYAS DE CONTROL AUTOMOTRIZ Las guayas NAVCAR se fabrican bajo los m\u00e1s altos est\u00e1ndares de calidad cumpliendo con las normas de los fabricantes de cada una de las marcas de &#8230;<\/p>\n","protected":false},"author":1,"featured_media":0,"parent":0,"menu_order":1,"comment_status":"closed","ping_status":"closed","template":"","meta":{"_joinchat":[],"footnotes":""},"class_list":["post-117","page","type-page","status-publish","hentry"],"_links":{"self":[{"href":"https:\/\/www.cablesnavcar.com\/wordpress\/wp-json\/wp\/v2\/pages\/117","targetHints":{"allow":["GET"]}}],"collection":[{"href":"https:\/\/www.cablesnavcar.com\/wordpress\/wp-json\/wp\/v2\/pages"}],"about":[{"href":"https:\/\/www.cablesnavcar.com\/wordpress\/wp-json\/wp\/v2\/types\/page"}],"author":[{"embeddable":true,"href":"https:\/\/www.cablesnavcar.com\/wordpress\/wp-json\/wp\/v2\/users\/1"}],"replies":[{"embeddable":true,"href":"https:\/\/www.cablesnavcar.com\/wordpress\/wp-json\/wp\/v2\/comments?post=117"}],"version-history":[{"count":173,"href":"https:\/\/www.cablesnavcar.com\/wordpress\/wp-json\/wp\/v2\/pages\/117\/revisions"}],"predecessor-version":[{"id":22173,"href":"https:\/\/www.cablesnavcar.com\/wordpress\/wp-json\/wp\/v2\/pages\/117\/revisions\/22173"}],"wp:attachment":[{"href":"https:\/\/www.cablesnavcar.com\/wordpress\/wp-json\/wp\/v2\/media?parent=117"}],"curies":[{"name":"wp","href":"https:\/\/api.w.org\/{rel}","templated":true}]}}