{"id":20920,"date":"2018-10-31T10:28:11","date_gmt":"2018-10-31T15:28:11","guid":{"rendered":"http:\/\/www.cablesnavcar.com\/wordpress\/?page_id=20920"},"modified":"2025-04-09T10:29:12","modified_gmt":"2025-04-09T15:29:12","slug":"blog-navcar","status":"publish","type":"page","link":"https:\/\/www.cablesnavcar.com\/wordpress\/blog-navcar\/","title":{"rendered":"Blog"},"content":{"rendered":"\t\t<div data-elementor-type=\"wp-post\" data-elementor-id=\"20920\" class=\"elementor elementor-20920\">\n\t\t\t\t\t\t<section class=\"elementor-section elementor-top-section elementor-element elementor-element-c01b653 elementor-section-boxed elementor-section-height-default elementor-section-height-default\" data-id=\"c01b653\" data-element_type=\"section\">\n\t\t\t\t\t\t<div class=\"elementor-container elementor-column-gap-default\">\n\t\t\t\t\t<div class=\"elementor-column elementor-col-33 elementor-top-column elementor-element elementor-element-35b26fe\" data-id=\"35b26fe\" data-element_type=\"column\">\n\t\t\t<div class=\"elementor-widget-wrap elementor-element-populated\">\n\t\t\t\t\t\t<div class=\"elementor-element elementor-element-7e45148 elementor-widget elementor-widget-image\" data-id=\"7e45148\" data-element_type=\"widget\" data-widget_type=\"image.default\">\n\t\t\t\t<div class=\"elementor-widget-container\">\n\t\t\t\t\t\t\t\t\t\t\t\t\t\t\t\t<a href=\"https:\/\/www.cablesnavcar.com\/wordpress\/elementor-21952\/\">\n\t\t\t\t\t\t\t<img fetchpriority=\"high\" decoding=\"async\" width=\"800\" height=\"800\" src=\"https:\/\/www.cablesnavcar.com\/wordpress\/wp-content\/uploads\/2023\/01\/Elementos-de-Diseno-para-Navcar-7_Mesa-de-trabajo-1-copia-29-1024x1024.jpg\" class=\"attachment-large size-large wp-image-21962\" alt=\"\" srcset=\"https:\/\/www.cablesnavcar.com\/wordpress\/wp-content\/uploads\/2023\/01\/Elementos-de-Diseno-para-Navcar-7_Mesa-de-trabajo-1-copia-29-1024x1024.jpg 1024w, https:\/\/www.cablesnavcar.com\/wordpress\/wp-content\/uploads\/2023\/01\/Elementos-de-Diseno-para-Navcar-7_Mesa-de-trabajo-1-copia-29-300x300.jpg 300w, https:\/\/www.cablesnavcar.com\/wordpress\/wp-content\/uploads\/2023\/01\/Elementos-de-Diseno-para-Navcar-7_Mesa-de-trabajo-1-copia-29-150x150.jpg 150w, https:\/\/www.cablesnavcar.com\/wordpress\/wp-content\/uploads\/2023\/01\/Elementos-de-Diseno-para-Navcar-7_Mesa-de-trabajo-1-copia-29-768x768.jpg 768w, https:\/\/www.cablesnavcar.com\/wordpress\/wp-content\/uploads\/2023\/01\/Elementos-de-Diseno-para-Navcar-7_Mesa-de-trabajo-1-copia-29.jpg 1081w\" sizes=\"(max-width: 800px) 100vw, 800px\" \/>\t\t\t\t\t\t\t\t<\/a>\n\t\t\t\t\t\t\t\t\t\t\t\t\t\t\t<\/div>\n\t\t\t\t<\/div>\n\t\t\t\t\t<\/div>\n\t\t<\/div>\n\t\t\t\t<div class=\"elementor-column elementor-col-33 elementor-top-column elementor-element elementor-element-0c9a9e1\" data-id=\"0c9a9e1\" data-element_type=\"column\">\n\t\t\t<div class=\"elementor-widget-wrap elementor-element-populated\">\n\t\t\t\t\t\t<div class=\"elementor-element elementor-element-92c4d01 elementor-widget elementor-widget-image\" data-id=\"92c4d01\" data-element_type=\"widget\" data-widget_type=\"image.default\">\n\t\t\t\t<div class=\"elementor-widget-container\">\n\t\t\t\t\t\t\t\t\t\t\t\t\t\t\t\t<a href=\"https:\/\/www.cablesnavcar.com\/wordpress\/proceso-inyeccion-de-plastico\/\">\n\t\t\t\t\t\t\t<img decoding=\"async\" width=\"501\" height=\"501\" src=\"https:\/\/www.cablesnavcar.com\/wordpress\/wp-content\/uploads\/2023\/01\/BLOG-2-03.jpg\" class=\"attachment-large size-large wp-image-22049\" alt=\"\" srcset=\"https:\/\/www.cablesnavcar.com\/wordpress\/wp-content\/uploads\/2023\/01\/BLOG-2-03.jpg 501w, https:\/\/www.cablesnavcar.com\/wordpress\/wp-content\/uploads\/2023\/01\/BLOG-2-03-300x300.jpg 300w, https:\/\/www.cablesnavcar.com\/wordpress\/wp-content\/uploads\/2023\/01\/BLOG-2-03-150x150.jpg 150w\" sizes=\"(max-width: 501px) 100vw, 501px\" \/>\t\t\t\t\t\t\t\t<\/a>\n\t\t\t\t\t\t\t\t\t\t\t\t\t\t\t<\/div>\n\t\t\t\t<\/div>\n\t\t\t\t\t<\/div>\n\t\t<\/div>\n\t\t\t\t<div class=\"elementor-column elementor-col-33 elementor-top-column elementor-element elementor-element-ded67e3\" data-id=\"ded67e3\" data-element_type=\"column\">\n\t\t\t<div class=\"elementor-widget-wrap elementor-element-populated\">\n\t\t\t\t\t\t<div class=\"elementor-element elementor-element-226521b elementor-widget elementor-widget-image\" data-id=\"226521b\" data-element_type=\"widget\" data-widget_type=\"image.default\">\n\t\t\t\t<div class=\"elementor-widget-container\">\n\t\t\t\t\t\t\t\t\t\t\t\t\t\t\t\t<a href=\"https:\/\/www.cablesnavcar.com\/wordpress\/quienes-somos\/\">\n\t\t\t\t\t\t\t<img decoding=\"async\" width=\"800\" height=\"800\" src=\"https:\/\/www.cablesnavcar.com\/wordpress\/wp-content\/uploads\/2023\/02\/BLOG-3-003-1024x1024.jpg\" class=\"attachment-large size-large wp-image-22081\" alt=\"\" srcset=\"https:\/\/www.cablesnavcar.com\/wordpress\/wp-content\/uploads\/2023\/02\/BLOG-3-003-1024x1024.jpg 1024w, https:\/\/www.cablesnavcar.com\/wordpress\/wp-content\/uploads\/2023\/02\/BLOG-3-003-300x300.jpg 300w, https:\/\/www.cablesnavcar.com\/wordpress\/wp-content\/uploads\/2023\/02\/BLOG-3-003-150x150.jpg 150w, https:\/\/www.cablesnavcar.com\/wordpress\/wp-content\/uploads\/2023\/02\/BLOG-3-003-768x767.jpg 768w, https:\/\/www.cablesnavcar.com\/wordpress\/wp-content\/uploads\/2023\/02\/BLOG-3-003.jpg 1043w\" sizes=\"(max-width: 800px) 100vw, 800px\" \/>\t\t\t\t\t\t\t\t<\/a>\n\t\t\t\t\t\t\t\t\t\t\t\t\t\t\t<\/div>\n\t\t\t\t<\/div>\n\t\t\t\t\t<\/div>\n\t\t<\/div>\n\t\t\t\t\t<\/div>\n\t\t<\/section>\n\t\t\t\t<section class=\"elementor-section elementor-top-section elementor-element elementor-element-ab9a5a2 elementor-section-boxed elementor-section-height-default elementor-section-height-default\" data-id=\"ab9a5a2\" data-element_type=\"section\">\n\t\t\t\t\t\t<div class=\"elementor-container elementor-column-gap-default\">\n\t\t\t\t\t<div class=\"elementor-column elementor-col-33 elementor-top-column elementor-element elementor-element-651ae1a\" data-id=\"651ae1a\" data-element_type=\"column\">\n\t\t\t<div class=\"elementor-widget-wrap elementor-element-populated\">\n\t\t\t\t\t\t<div class=\"elementor-element elementor-element-7ef42e1 elementor-widget elementor-widget-text-editor\" data-id=\"7ef42e1\" data-element_type=\"widget\" data-widget_type=\"text-editor.default\">\n\t\t\t\t<div class=\"elementor-widget-container\">\n\t\t\t\t\t\t\t\t\t<h5>AN\u00c1LISIS DE FALLAS Y RECOMENDACIONES PARTE\u00a0<a class=\"x1i10hfl xjbqb8w x6umtig x1b1mbwd xaqea5y xav7gou x9f619 x1ypdohk xt0psk2 xe8uvvx xdj266r x11i5rnm xat24cr x1mh8g0r xexx8yu x4uap5 x18d9i69 xkhd6sd x16tdsg8 x1hl2dhg xggy1nq x1a2a7pz _aa9_ _a6hd\" tabindex=\"0\" role=\"link\" href=\"https:\/\/www.instagram.com\/explore\/tags\/1\/\">#1<\/a><\/h5><p>Ten en cuenta estas recomendaciones para el almacenamiento, instalaci\u00f3n y revisi\u00f3n<br \/>preventiva de las guayas de t\u00fa veh\u00edculo.<\/p>\t\t\t\t\t\t\t\t<\/div>\n\t\t\t\t<\/div>\n\t\t\t\t\t<\/div>\n\t\t<\/div>\n\t\t\t\t<div class=\"elementor-column elementor-col-33 elementor-top-column elementor-element elementor-element-5a16632\" data-id=\"5a16632\" data-element_type=\"column\">\n\t\t\t<div class=\"elementor-widget-wrap elementor-element-populated\">\n\t\t\t\t\t\t<div class=\"elementor-element elementor-element-91792a5 elementor-widget elementor-widget-text-editor\" data-id=\"91792a5\" data-element_type=\"widget\" data-widget_type=\"text-editor.default\">\n\t\t\t\t<div class=\"elementor-widget-container\">\n\t\t\t\t\t\t\t\t\t<h5>PROCESO DE INYECCI\u00d3N DE PL\u00c1STICO<\/h5><p>Contamos con un servicio especializado y altamente eficiente de Inyecci\u00f3n de pl\u00e1stico.<\/p>\t\t\t\t\t\t\t\t<\/div>\n\t\t\t\t<\/div>\n\t\t\t\t\t<\/div>\n\t\t<\/div>\n\t\t\t\t<div class=\"elementor-column elementor-col-33 elementor-top-column elementor-element elementor-element-d27a145\" data-id=\"d27a145\" data-element_type=\"column\">\n\t\t\t<div class=\"elementor-widget-wrap elementor-element-populated\">\n\t\t\t\t\t\t<div class=\"elementor-element elementor-element-72a8fe1 elementor-widget elementor-widget-text-editor\" data-id=\"72a8fe1\" data-element_type=\"widget\" data-widget_type=\"text-editor.default\">\n\t\t\t\t<div class=\"elementor-widget-container\">\n\t\t\t\t\t\t\t\t\t<h5>\u00bfQU\u00cdENES SOMOS?<\/h5><p>Nuestro pasado nos define, y nuestro futuro es hoy. Somos innovaci\u00f3n. Somos ingenio. Somos Grupo NAVCAR.<\/p>\t\t\t\t\t\t\t\t<\/div>\n\t\t\t\t<\/div>\n\t\t\t\t\t<\/div>\n\t\t<\/div>\n\t\t\t\t\t<\/div>\n\t\t<\/section>\n\t\t\t\t<section class=\"elementor-section elementor-top-section elementor-element elementor-element-fb24c53 elementor-section-boxed elementor-section-height-default elementor-section-height-default\" data-id=\"fb24c53\" data-element_type=\"section\">\n\t\t\t\t\t\t<div class=\"elementor-container elementor-column-gap-default\">\n\t\t\t\t\t<div class=\"elementor-column elementor-col-33 elementor-top-column elementor-element elementor-element-14179f1\" data-id=\"14179f1\" data-element_type=\"column\">\n\t\t\t<div class=\"elementor-widget-wrap elementor-element-populated\">\n\t\t\t\t\t\t<div class=\"elementor-element elementor-element-adb09fc elementor-widget elementor-widget-image\" data-id=\"adb09fc\" data-element_type=\"widget\" data-widget_type=\"image.default\">\n\t\t\t\t<div class=\"elementor-widget-container\">\n\t\t\t\t\t\t\t\t\t\t\t\t\t\t\t\t<a href=\"https:\/\/www.cablesnavcar.com\/wordpress\/reatas-de-amarre-para-carga\/\">\n\t\t\t\t\t\t\t<img loading=\"lazy\" decoding=\"async\" width=\"800\" height=\"800\" src=\"https:\/\/www.cablesnavcar.com\/wordpress\/wp-content\/uploads\/2023\/03\/BLOG-4-1024x1024.png\" class=\"attachment-large size-large wp-image-22101\" alt=\"\" srcset=\"https:\/\/www.cablesnavcar.com\/wordpress\/wp-content\/uploads\/2023\/03\/BLOG-4-1024x1024.png 1024w, https:\/\/www.cablesnavcar.com\/wordpress\/wp-content\/uploads\/2023\/03\/BLOG-4-300x300.png 300w, https:\/\/www.cablesnavcar.com\/wordpress\/wp-content\/uploads\/2023\/03\/BLOG-4-150x150.png 150w, https:\/\/www.cablesnavcar.com\/wordpress\/wp-content\/uploads\/2023\/03\/BLOG-4-768x767.png 768w, https:\/\/www.cablesnavcar.com\/wordpress\/wp-content\/uploads\/2023\/03\/BLOG-4.png 1043w\" sizes=\"(max-width: 800px) 100vw, 800px\" \/>\t\t\t\t\t\t\t\t<\/a>\n\t\t\t\t\t\t\t\t\t\t\t\t\t\t\t<\/div>\n\t\t\t\t<\/div>\n\t\t\t\t\t<\/div>\n\t\t<\/div>\n\t\t\t\t<div class=\"elementor-column elementor-col-33 elementor-top-column elementor-element elementor-element-61e0af1\" data-id=\"61e0af1\" data-element_type=\"column\">\n\t\t\t<div class=\"elementor-widget-wrap elementor-element-populated\">\n\t\t\t\t\t\t<div class=\"elementor-element elementor-element-f8226f8 elementor-widget elementor-widget-image\" data-id=\"f8226f8\" data-element_type=\"widget\" data-widget_type=\"image.default\">\n\t\t\t\t<div class=\"elementor-widget-container\">\n\t\t\t\t\t\t\t\t\t\t\t\t\t\t\t\t<a href=\"https:\/\/www.cablesnavcar.com\/wordpress\/bujes-de-poliuretano-para-suspension-de-vehiculos\/\">\n\t\t\t\t\t\t\t<img loading=\"lazy\" decoding=\"async\" width=\"800\" height=\"800\" src=\"https:\/\/www.cablesnavcar.com\/wordpress\/wp-content\/uploads\/2023\/03\/bujes-de-poliuretano-grupo-navcar-03-1024x1024.png\" class=\"attachment-large size-large wp-image-22121\" alt=\"\" srcset=\"https:\/\/www.cablesnavcar.com\/wordpress\/wp-content\/uploads\/2023\/03\/bujes-de-poliuretano-grupo-navcar-03-1024x1024.png 1024w, https:\/\/www.cablesnavcar.com\/wordpress\/wp-content\/uploads\/2023\/03\/bujes-de-poliuretano-grupo-navcar-03-300x300.png 300w, https:\/\/www.cablesnavcar.com\/wordpress\/wp-content\/uploads\/2023\/03\/bujes-de-poliuretano-grupo-navcar-03-150x150.png 150w, https:\/\/www.cablesnavcar.com\/wordpress\/wp-content\/uploads\/2023\/03\/bujes-de-poliuretano-grupo-navcar-03-768x767.png 768w, https:\/\/www.cablesnavcar.com\/wordpress\/wp-content\/uploads\/2023\/03\/bujes-de-poliuretano-grupo-navcar-03.png 1043w\" sizes=\"(max-width: 800px) 100vw, 800px\" \/>\t\t\t\t\t\t\t\t<\/a>\n\t\t\t\t\t\t\t\t\t\t\t\t\t\t\t<\/div>\n\t\t\t\t<\/div>\n\t\t\t\t\t<\/div>\n\t\t<\/div>\n\t\t\t\t<div class=\"elementor-column elementor-col-33 elementor-top-column elementor-element elementor-element-4ac2247\" data-id=\"4ac2247\" data-element_type=\"column\">\n\t\t\t<div class=\"elementor-widget-wrap\">\n\t\t\t\t\t\t\t<\/div>\n\t\t<\/div>\n\t\t\t\t\t<\/div>\n\t\t<\/section>\n\t\t\t\t<section class=\"elementor-section elementor-top-section elementor-element elementor-element-ba528c6 elementor-section-boxed elementor-section-height-default elementor-section-height-default\" data-id=\"ba528c6\" data-element_type=\"section\">\n\t\t\t\t\t\t<div class=\"elementor-container elementor-column-gap-default\">\n\t\t\t\t\t<div class=\"elementor-column elementor-col-33 elementor-top-column elementor-element elementor-element-bade953\" data-id=\"bade953\" data-element_type=\"column\">\n\t\t\t<div class=\"elementor-widget-wrap elementor-element-populated\">\n\t\t\t\t\t\t<div class=\"elementor-element elementor-element-9060f21 elementor-widget elementor-widget-text-editor\" data-id=\"9060f21\" data-element_type=\"widget\" data-widget_type=\"text-editor.default\">\n\t\t\t\t<div class=\"elementor-widget-container\">\n\t\t\t\t\t\t\t\t\t<h5>REATAS PARA AMARRE DE CARGA<\/h5><p>Contamos con una variedad de reatas ideales para el amarre de cargas.<\/p>\t\t\t\t\t\t\t\t<\/div>\n\t\t\t\t<\/div>\n\t\t\t\t\t<\/div>\n\t\t<\/div>\n\t\t\t\t<div class=\"elementor-column elementor-col-33 elementor-top-column elementor-element elementor-element-6e075cd\" data-id=\"6e075cd\" data-element_type=\"column\">\n\t\t\t<div class=\"elementor-widget-wrap elementor-element-populated\">\n\t\t\t\t\t\t<div class=\"elementor-element elementor-element-3e23172 elementor-widget elementor-widget-text-editor\" data-id=\"3e23172\" data-element_type=\"widget\" data-widget_type=\"text-editor.default\">\n\t\t\t\t<div class=\"elementor-widget-container\">\n\t\t\t\t\t\t\t\t\t<h5>BUJES DE POLIURETANO PARA VEH\u00cdCULOS<\/h5><p>Nuestros bujes de poliuretano est\u00e1n dise\u00f1ados para brindar una resistencia, comodidad y durabilidad superiores.<\/p>\t\t\t\t\t\t\t\t<\/div>\n\t\t\t\t<\/div>\n\t\t\t\t\t<\/div>\n\t\t<\/div>\n\t\t\t\t<div class=\"elementor-column elementor-col-33 elementor-top-column elementor-element elementor-element-9117e48\" data-id=\"9117e48\" data-element_type=\"column\">\n\t\t\t<div class=\"elementor-widget-wrap\">\n\t\t\t\t\t\t\t<\/div>\n\t\t<\/div>\n\t\t\t\t\t<\/div>\n\t\t<\/section>\n\t\t\t\t<\/div>\n\t\t","protected":false},"excerpt":{"rendered":"<p>AN\u00c1LISIS DE FALLAS Y RECOMENDACIONES PARTE&nbsp;#1 Ten en cuenta estas recomendaciones para el almacenamiento, instalaci\u00f3n y revisi\u00f3n preventiva de las guayas de t\u00fa veh\u00edculo. PROCESO DE INYECCI\u00d3N DE PL\u00c1STICO Contamos &#8230;<\/p>\n","protected":false},"author":1,"featured_media":0,"parent":0,"menu_order":0,"comment_status":"closed","ping_status":"closed","template":"","meta":{"_joinchat":[],"footnotes":""},"class_list":["post-20920","page","type-page","status-publish","hentry"],"_links":{"self":[{"href":"https:\/\/www.cablesnavcar.com\/wordpress\/wp-json\/wp\/v2\/pages\/20920","targetHints":{"allow":["GET"]}}],"collection":[{"href":"https:\/\/www.cablesnavcar.com\/wordpress\/wp-json\/wp\/v2\/pages"}],"about":[{"href":"https:\/\/www.cablesnavcar.com\/wordpress\/wp-json\/wp\/v2\/types\/page"}],"author":[{"embeddable":true,"href":"https:\/\/www.cablesnavcar.com\/wordpress\/wp-json\/wp\/v2\/users\/1"}],"replies":[{"embeddable":true,"href":"https:\/\/www.cablesnavcar.com\/wordpress\/wp-json\/wp\/v2\/comments?post=20920"}],"version-history":[{"count":68,"href":"https:\/\/www.cablesnavcar.com\/wordpress\/wp-json\/wp\/v2\/pages\/20920\/revisions"}],"predecessor-version":[{"id":22138,"href":"https:\/\/www.cablesnavcar.com\/wordpress\/wp-json\/wp\/v2\/pages\/20920\/revisions\/22138"}],"wp:attachment":[{"href":"https:\/\/www.cablesnavcar.com\/wordpress\/wp-json\/wp\/v2\/media?parent=20920"}],"curies":[{"name":"wp","href":"https:\/\/api.w.org\/{rel}","templated":true}]}}